{"id":10,"date":"2023-01-04T15:34:01","date_gmt":"2023-01-04T14:34:01","guid":{"rendered":"https:\/\/projet.liris.cnrs.fr\/renforce\/?page_id=10"},"modified":"2025-08-26T14:40:58","modified_gmt":"2025-08-26T12:40:58","slug":"publications","status":"publish","type":"page","link":"https:\/\/projet.liris.cnrs.fr\/renforce\/index.php\/publications\/","title":{"rendered":"Publications"},"content":{"rendered":"\n<h1 class=\"wp-block-heading\">Publications<\/h1>\n\n\n\n<p>Valentin\u00a0Midez,\u00a0Audrey\u00a0Serna,\u00a0Florent\u00a0Diet,\u00a0Victor\u00a0Oliva-Torres,\u00a0\u00c9lise Lavou\u00e9. <strong>Impact of Immediate Feedback on Students\u2019 Learning in a Virtual Reality Environment for Chemical Education<\/strong>. <em>Twentieth European Conference on Technology Enhanced Learning (EC-TEL 2025)<\/em>. Newcastle and Durham, UK, 15-19 September 2025. To be presented<\/p>\n\n\n\n<p>Valentin\u00a0Midez,\u00a0Audrey\u00a0Serna,\u00a0Florent\u00a0Diet,\u00a0Victor\u00a0Oliva-Torres,\u00a0\u00c9lise Lavou\u00e9. <strong>Impact des feedbacks imm\u00e9diats sur les apprentissages en chimie dans un environnement de r\u00e9alit\u00e9 virtuelle<\/strong>. <em>EIAH 2025 &#8211; 12\u00e8me Conf\u00e9rence sur les Environnements Informatiques pour l&rsquo;Apprentissage Humain<\/em>. Lille, juin 2025, p. 274-291.<\/p>\n\n\n\n<p>Matthieu Mesnage, Sophie Villenave, Pierre Raimbaud, Guillaume Lavou\u00e9, and Bertrand Massot. <strong>StimulHeat: a Clip-On, Low-Energy and Wireless Device for Thermal Feedback when Grasping in VR<\/strong>. <em>Research Demo paper, IEEE Conference on Virtual Reality and 3D User Interfaces Abstracts and Workshops (VRW)<\/em>, 2025. [<a href=\"https:\/\/hal.science\/hal-05074726\/document\">paper<\/a>] [<a href=\"https:\/\/youtu.be\/_0hOmilWdRA\">Video<\/a>]<\/p>\n\n\n\n<p>Sophie Villenave, Pierre Raimbaud, and Guillaume Lavou\u00e9,\u00a0<strong>Dynamic and Modular Thermal Feedback for Interactive 6DoF VR: Implementation and Evaluation<\/strong>. <em>Poster, IEEE Conference on Virtual Reality and 3D User Interfaces Abstracts and Workshops (VRW)<\/em>, 2025. [<a href=\"https:\/\/hal.science\/hal-05049552\/document\">paper<\/a>] [<a href=\"https:\/\/www.youtube.com\/watch?v=2CtZxlhU1MA\">Video<\/a>] [<a href=\"https:\/\/github.com\/liris-xr\/6dof-vr-thermal-feedback\">Code<\/a>]\u00a0<strong>Best Poster Honorable Mention Award.<\/strong><\/p>\n\n\n\n<p>Matthieu Blanchard, Sophie Villenave, Tristan Hab\u00e9mont, Bertrand Massot, Pierre Raimbaud, and Guillaume Lavou\u00e9,\u00a0<strong>Physiological Signals Quality in 6DoF Virtual Reality: Preliminary Results<\/strong>. <em>Poster, IEEE Conference on Virtual Reality and 3D User Interfaces Abstracts and Workshops (VRW)<\/em>, 2025. [<a href=\"https:\/\/hal.science\/hal-05049718\/document\">paper<\/a>] [<a href=\"https:\/\/www.youtube.com\/watch?v=CAyig-Txpf8\">Video<\/a>]<\/p>\n\n\n\n<p>Pierre Raimbaud, Guillaume Lavou\u00e9, Bertrand Massot, Matthieu Blanchard, Janine Jongbloed, Jean-Pierre Cloarec, Audrey Serna, Eliott Zimmermann, Rawad Chaker, Jean-Louis Leclercq, \u00c9lise Lavou\u00e9, Sophie Villenave, Matthieu Mesnage, Valentin Midez,\u00a0<strong>How Should I React? Learning to Face Chemical Risks with Virtual Reality<\/strong>. <em>Poster, IEEE Conference on Virtual Reality and 3D User Interfaces Abstracts and Workshops (VRW)<\/em>, 2025. [<a href=\"https:\/\/hal.science\/hal-05108067v1\/document\">paper<\/a>] [<a href=\"https:\/\/www.youtube.com\/watch?v=qPlL5yJVf1U\">Video<\/a>]<\/p>\n\n\n\n<p>Janine\u00a0Jongbloed,\u00a0Rawad\u00a0Chaker,\u00a0and \u00c9lise\u00a0Lavou\u00e9\u00a0(2024). Immersive procedural training in virtual reality: A systematic literature review.\u00a0<em>Computers &amp; Education<\/em>. 221, 2024, 105124. doi: 10.1016\/j.compedu.2024.105124. HAL\u00a0:\u00a0<a rel=\"noreferrer noopener\" href=\"https:\/\/hal.science\/hal-04674148v1\" target=\"_blank\">hal-04674148<\/a>.<\/p>\n\n\n\n<p>\u00c9. Lavou\u00e9, S. Villenave, A. Serna, C. Didier, P. Baert and G. Lavou\u00e9 (2024) <strong>Influence of Scenarios and Player Traits on Flow in Virtual Reality<\/strong>, <em>IEEE Transactions on Visualization and Computer Graphics<\/em>, doi: 10.1109\/TVCG.2023.3332261.\u00a0HAL\u00a0:\u00a0<a rel=\"noreferrer noopener\" href=\"https:\/\/hal.science\/hal-04281030\" target=\"_blank\">hal-04281030<\/a>.<\/p>\n\n\n\n<p>Charles Javerliat*, Sophie Villenave*, Pierre Raimbaud, Guillaume Lavou\u00e9, <strong>PLUME: Record, Replay, Analyze and Share User Behavior in 6DoF XR Exp\u00e9riences<\/strong>, <em>IEEE Transactions on Visualization and Computer Graphics (IEEE VR Journal Track)<\/em>, 2024.<\/p>\n\n\n\n<p>Charles Javerliat*, Sophie Villenave*, Pierre Raimbaud, and Guillaume Lavou\u00e9, <strong>Demonstrating PLUME, a toolbox to Record, Replay, Analyze and Share 6DoF XR Experimental Data<\/strong>, <em>Research Demo paper, IEEE Conference on Virtual Reality and 3D User Interfaces Abstracts and Workshops (VRW)<\/em>, 2024.<\/p>\n\n\n\n<p>Pierre-Philippe Elst, Charles Javerliat, Sophie Villenave and Guillaume Lavou\u00e9, <strong>Demonstrating Nebula: Dynamic Multi-Scents in 6DoF Virtual Reality<\/strong>, <em>Research Demo paper, IEEE Conference on Virtual Reality and 3D User Interfaces Abstracts and Workshops (VRW)<\/em>, 2024.<\/p>\n","protected":false},"excerpt":{"rendered":"<p>Publications Valentin\u00a0Midez,\u00a0Audrey\u00a0Serna,\u00a0Florent\u00a0Diet,\u00a0Victor\u00a0Oliva-Torres,\u00a0\u00c9lise Lavou\u00e9. Impact of Immediate Feedback on Students\u2019 Learning in a Virtual Reality Environment for Chemical Education. Twentieth European Conference on Technology Enhanced Learning (EC-TEL 2025). Newcastle and Durham, UK, 15-19 September 2025. To be presented Valentin\u00a0Midez,\u00a0Audrey\u00a0Serna,\u00a0Florent\u00a0Diet,\u00a0Victor\u00a0Oliva-Torres,\u00a0\u00c9lise Lavou\u00e9. Impact des feedbacks imm\u00e9diats sur les apprentissages en chimie dans un environnement de r\u00e9alit\u00e9 virtuelle. EIAH [&hellip;]<\/p>\n","protected":false},"author":1,"featured_media":0,"parent":0,"menu_order":0,"comment_status":"closed","ping_status":"closed","template":"","meta":{"footnotes":""},"class_list":["post-10","page","type-page","status-publish","hentry"],"_links":{"self":[{"href":"https:\/\/projet.liris.cnrs.fr\/renforce\/index.php\/wp-json\/wp\/v2\/pages\/10","targetHints":{"allow":["GET"]}}],"collection":[{"href":"https:\/\/projet.liris.cnrs.fr\/renforce\/index.php\/wp-json\/wp\/v2\/pages"}],"about":[{"href":"https:\/\/projet.liris.cnrs.fr\/renforce\/index.php\/wp-json\/wp\/v2\/types\/page"}],"author":[{"embeddable":true,"href":"https:\/\/projet.liris.cnrs.fr\/renforce\/index.php\/wp-json\/wp\/v2\/users\/1"}],"replies":[{"embeddable":true,"href":"https:\/\/projet.liris.cnrs.fr\/renforce\/index.php\/wp-json\/wp\/v2\/comments?post=10"}],"version-history":[{"count":8,"href":"https:\/\/projet.liris.cnrs.fr\/renforce\/index.php\/wp-json\/wp\/v2\/pages\/10\/revisions"}],"predecessor-version":[{"id":306,"href":"https:\/\/projet.liris.cnrs.fr\/renforce\/index.php\/wp-json\/wp\/v2\/pages\/10\/revisions\/306"}],"wp:attachment":[{"href":"https:\/\/projet.liris.cnrs.fr\/renforce\/index.php\/wp-json\/wp\/v2\/media?parent=10"}],"curies":[{"name":"wp","href":"https:\/\/api.w.org\/{rel}","templated":true}]}}